{"id":67,"date":"2019-10-05T15:31:31","date_gmt":"2019-10-05T13:31:31","guid":{"rendered":"http:\/\/wudangsanbao.com\/?page_id=67"},"modified":"2022-07-02T13:10:21","modified_gmt":"2022-07-02T11:10:21","slug":"quest-ce-que-le-qi-gong","status":"publish","type":"page","link":"https:\/\/wudangsanbao.com\/index.php\/quest-ce-que-le-qi-gong\/","title":{"rendered":"Qu&#8217;est ce que le Qigong ?"},"content":{"rendered":"<table border=\"0\" width=\"100%\">\n<tbody>\n<tr>\n<td height=\"71\">\n<div align=\"center\"><span style=\"font-family: Monotype Corsiva; font-size: 300%;\">Qigong<\/span><\/div>\n<\/td>\n<\/tr>\n<\/tbody>\n<\/table>\n<table border=\"0\" width=\"100%\">\n<tbody>\n<tr>\n<td width=\"50%\">\n<p align=\"center\"><img loading=\"lazy\" decoding=\"async\" src=\"http:\/\/wudangsanbao.free.fr\/images\/qi4.jpg\" width=\"89\" height=\"91\" \/><span style=\"font-family: Arial, Helvetica, sans-serif; font-size: large;\">QI<\/span><\/p>\n<p align=\"center\"><span style=\"font-family: Arial, Helvetica, sans-serif; font-size: large;\">se traduit par souffle, \u00e9nergie.<\/span><\/p>\n<\/td>\n<td width=\"50%\">\n<p align=\"center\"><img loading=\"lazy\" decoding=\"async\" src=\"http:\/\/wudangsanbao.free.fr\/images\/gong.jpg\" width=\"87\" height=\"94\" \/><span style=\"font-family: Arial, Helvetica, sans-serif; font-size: large;\">GONG<\/span><\/p>\n<p align=\"center\"><span style=\"font-family: Arial, Helvetica, sans-serif; font-size: large;\">d\u00e9signe tant le travail, le moyen utilis\u00e9, que la ma\u00eetrise, le but recherch\u00e9.<\/span><\/p>\n<\/td>\n<\/tr>\n<\/tbody>\n<\/table>\n<table border=\"0\" width=\"100%\">\n<tbody>\n<tr>\n<td width=\"24%\">\n<div align=\"center\"><img loading=\"lazy\" decoding=\"async\" src=\"http:\/\/wudangsanbao.free.fr\/images\/qi4.jpg\" width=\"78\" height=\"81\" \/><img loading=\"lazy\" decoding=\"async\" src=\"http:\/\/wudangsanbao.free.fr\/images\/gong.jpg\" width=\"79\" height=\"83\" \/><\/div>\n<\/td>\n<td width=\"72%\">\n<div align=\"center\"><span style=\"font-family: Arial, Helvetica, sans-serif; font-size: x-large;\">Qigong signifie le travail sur l&#8217;\u00e9nergie ou sur les souffles.<\/span><\/div>\n<\/td>\n<\/tr>\n<\/tbody>\n<\/table>\n\n\n<figure class=\"wp-block-table is-style-regular\"><table><tbody><tr><td>Le but g\u00e9n\u00e9ral du Qigong est de favoriser la circulation de l&#8217;\u00e9nergie vitale dans le corps, \u00e0 travers des chemins appel\u00e9s m\u00e9ridiens, et de la renforcer, en s&#8217;inspirant des connaissances d\u00e9velopp\u00e9es par la m\u00e9decine traditionnelle chinoise.<\/td><\/tr><\/tbody><\/table><\/figure>\n\n\n\n<figure class=\"wp-block-gallery aligncenter has-nested-images columns-default wp-block-gallery-1 is-layout-flex wp-block-gallery-is-layout-flex\">\n<figure class=\"wp-block-image\"><img loading=\"lazy\" decoding=\"async\" width=\"300\" height=\"151\" data-id=\"777\" src=\"http:\/\/wudangsanbao.com\/wp-content\/uploads\/2019\/11\/qigong1.gif\" alt=\"\" class=\"wp-image-777\"\/><\/figure>\n<\/figure>\n\n\n\n<p class=\"has-normal-font-size\">Le Qigong est un ensemble d&#8217;exercices \u00e9nerg\u00e9tiques bas\u00e9s sur du mouvement (mouvements graduels, continus, circulaires et fluides), de la respiration (abdominale, r\u00e9guli\u00e8re et profonde) et de la concentration (sans effort: &#8220;l&#8217;attention&#8221; sans &#8220;la tension&#8221;).<\/p>\n\n\n\n<p class=\"has-normal-font-size\">De tr\u00e8s nombreux styles de Qigong existent et, \u00e0 l&#8217;int\u00e9rieur de chaque style, on y trouve divers types d&#8217;exercices: dynamiques, statiques ou encore m\u00e9ditatifs.<\/p>\n\n\n\n<p class=\"has-normal-font-size\"><strong>Discipline corporelle et art de vivre <\/strong><\/p>\n\n\n\n<p class=\"has-normal-font-size\">Comme le dit un proverbe chinois: &#8220;Pour avoir une id\u00e9e d&#8217;un mouvement, il faut le pratiquer cent fois; pour le conna\u00eetre, il faut le pratiquer mille fois et pour le ma\u00eetriser, il faut le pratiquer dix mille fois&#8221;.<\/p>\n\n\n\n<p class=\"has-normal-font-size\">Le Qigong est une \u00e9cole de patience et d&#8217;humilit\u00e9, o\u00f9 l&#8217;on prend le temps de revenir \u00e0 des choses simples mais essentielles pour vivre dans la pl\u00e9nitude de son \u00eatre:<\/p>\n\n\n\n<p class=\"has-normal-font-size\"><br>&#8211; respirer, se reposer et sentir o\u00f9 l&#8217;on met les pieds pour avoir &#8220;les pieds sur terre&#8221;,<br>&#8211; se recentrer et se r\u00e9approprier son espace int\u00e9rieur pour savoir se prot\u00e9ger des influences perturbantes et \u00e9tablir des relations harmonieuses avec l&#8217;ext\u00e9rieur,<br>&#8211; utiliser ses cinq sens (et pas seulement son mental) pour go\u00fbter pleinement la vie et augmenter son intuition,<br>&#8211; &#8220;se mouvoir&#8221; avec harmonie dans l&#8217;espace pour &#8220;s&#8217;\u00e9mouvoir&#8221; dans l&#8217;harmonie de son espace int\u00e9rieur, sans perdre son \u00e9quilibre (physique et psychique),<br>&#8211; cultiver la confiance en soi, en la Vie et le respect d&#8217;autrui.<\/p>\n\n\n\n<p class=\"has-normal-font-size\"><strong>Les b\u00e9n\u00e9fices de la pratique<\/strong><\/p>\n\n\n\n<p class=\"has-normal-font-size\">Une pratique r\u00e9guli\u00e8re apporte plus de tonus et moins de tensions nerveuses, plus de souplesse et d&#8217;\u00e9quilibre, un calme int\u00e9rieur et une plus grande capacit\u00e9 de concentration et permet d&#8217;optimiser toutes les fonctions de l&#8217;organisme.<\/p>\n\n\n\n<figure class=\"wp-block-gallery aligncenter has-nested-images columns-default wp-block-gallery-2 is-layout-flex wp-block-gallery-is-layout-flex\">\n<figure class=\"wp-block-image\"><img loading=\"lazy\" decoding=\"async\" width=\"300\" height=\"153\" data-id=\"779\" src=\"http:\/\/wudangsanbao.com\/wp-content\/uploads\/2019\/11\/qigong2.gif\" alt=\"\" class=\"wp-image-779\"\/><\/figure>\n<\/figure>\n\n\n\n<p class=\"has-normal-font-size\"><strong>La d\u00e9tente du corps et le calme de l&#8217;esprit<\/strong><\/p>\n\n\n\n<p class=\"has-normal-font-size\">L&#8217;\u00e9nergie circule, comme une petite rivi\u00e8re irrigue les terres avoisinantes, si son passage est d\u00e9gag\u00e9. L&#8217;\u00e9tat que les chinois appellent &#8220;Fan Song&#8221;, le l\u00e2cher prise, est le point de d\u00e9part du travail \u00e9nerg\u00e9tique.<br>L\u00e2cher prise, c&#8217;est ne pas lutter contre les tensions, mais laisser couler, laisser faire le corps, les pens\u00e9es, dans leurs manifestations les plus naturelles, quitter nos imp\u00e9ratifs, nos exigences, nos soucis\u2026tout ce qui g\u00eane nos pens\u00e9es, autrement dit, laisser le corps respirer.<\/p>\n\n\n\n<p class=\"has-normal-font-size\"><strong>La concentration de l&#8217;esprit<\/strong><\/p>\n\n\n\n<p class=\"has-normal-font-size\">On dit en Qigong: &#8220;L\u00e0 o\u00f9 est l&#8217;esprit, est l&#8217;\u00e9nergie&#8221;.<br>Le calme de l&#8217;esprit ou l&#8217;attention rel\u00e2ch\u00e9e ne consiste pas \u00e0 imposer, en plus du mouvement et de la respiration, une contrainte \u00e0 la pens\u00e9e mais plut\u00f4t \u00e0 ralentir, sans l&#8217;emp\u00eacher, tout le mouvement des pens\u00e9es, et qu&#8217;on laissera passer comme des nuages dans le ciel sans les retenir.<\/p>\n\n\n\n<p class=\"has-normal-font-size\">Les images int\u00e9rieures orientent le mouvement de la pens\u00e9e dans le sens d\u00e9sir\u00e9.<br>La concentration sur une image choisie \u00e9loigne toute les autres pens\u00e9es, sources de dispersion. Les chinois disent d&#8217;ailleurs: &#8220;Une pens\u00e9e remplace mille pens\u00e9es, une image remplace mille images&#8221;.<br><br>Extraits du magazine de la F\u00e9d\u00e9ration Fran\u00e7aise EPMM Sports pour Tous &#8211; juin 2010<\/p>\n","protected":false},"excerpt":{"rendered":"<p>Qigong QI se traduit par souffle, \u00e9nergie. GONG d\u00e9signe tant le travail, le moyen utilis\u00e9, que la ma\u00eetrise, le but recherch\u00e9. Qigong signifie le travail sur l&#8217;\u00e9nergie ou sur les souffles. Le but g\u00e9n\u00e9ral du Qigong est de favoriser la circulation de l&#8217;\u00e9nergie vitale dans le corps, \u00e0 travers des chemins appel\u00e9s m\u00e9ridiens, et de <a class=\"read-more\" href=\"https:\/\/wudangsanbao.com\/index.php\/quest-ce-que-le-qi-gong\/\">Read More<\/a><\/p>\n","protected":false},"author":2,"featured_media":0,"parent":0,"menu_order":0,"comment_status":"closed","ping_status":"closed","template":"","meta":{"footnotes":""},"class_list":["post-67","page","type-page","status-publish","hentry"],"_links":{"self":[{"href":"https:\/\/wudangsanbao.com\/index.php\/wp-json\/wp\/v2\/pages\/67","targetHints":{"allow":["GET"]}}],"collection":[{"href":"https:\/\/wudangsanbao.com\/index.php\/wp-json\/wp\/v2\/pages"}],"about":[{"href":"https:\/\/wudangsanbao.com\/index.php\/wp-json\/wp\/v2\/types\/page"}],"author":[{"embeddable":true,"href":"https:\/\/wudangsanbao.com\/index.php\/wp-json\/wp\/v2\/users\/2"}],"replies":[{"embeddable":true,"href":"https:\/\/wudangsanbao.com\/index.php\/wp-json\/wp\/v2\/comments?post=67"}],"version-history":[{"count":10,"href":"https:\/\/wudangsanbao.com\/index.php\/wp-json\/wp\/v2\/pages\/67\/revisions"}],"predecessor-version":[{"id":1603,"href":"https:\/\/wudangsanbao.com\/index.php\/wp-json\/wp\/v2\/pages\/67\/revisions\/1603"}],"wp:attachment":[{"href":"https:\/\/wudangsanbao.com\/index.php\/wp-json\/wp\/v2\/media?parent=67"}],"curies":[{"name":"wp","href":"https:\/\/api.w.org\/{rel}","templated":true}]}}