{"id":70,"date":"2019-10-05T15:32:02","date_gmt":"2019-10-05T13:32:02","guid":{"rendered":"http:\/\/wudangsanbao.com\/?page_id=70"},"modified":"2022-07-02T13:12:04","modified_gmt":"2022-07-02T11:12:04","slug":"qi-gong-les-voies-empruntees","status":"publish","type":"page","link":"https:\/\/wudangsanbao.com\/index.php\/qi-gong-les-voies-empruntees\/","title":{"rendered":"Qigong, les voies emprunt\u00e9es"},"content":{"rendered":"\n<p style=\"font-size:17px\">Les voies emprunt\u00e9es dans ma pratique du Qigong suivent naturellement celles de mes rencontres \u00e0 la crois\u00e9e des chemins.<\/p>\n\n\n\n<p style=\"font-size:17px\">Dois-je dire que mon corps, d&#8217;abord sculpt\u00e9 par la danse puis forg\u00e9 par l&#8217;escrime, avait ainsi exp\u00e9riment\u00e9 des modes d&#8217;expression \u00e0 des ann\u00e9es-lumi\u00e8re de la lenteur? L&#8217;arriv\u00e9e du Tai Chi Chuan dans mes pratiques corporelles \u00e9tait d\u00e9j\u00e0 une d\u00e9couverte renversante cependant g\u00e9n\u00e9ratrice de stabilit\u00e9 et de s\u00e9r\u00e9nit\u00e9.<\/p>\n\n\n\n<p style=\"font-size:17px\">Dr\u00f4le d&#8217;\u00e9voquer maintenant la connexion \u00e9cossaise \u00e0 l&#8217;humour qui r\u00e9chauffe ou rafra\u00eechit c&#8217;est selon, depuis Dan Docherty, le ma\u00eetre en Europe et au del\u00e0 du Tai Chi Wudang, \u00e0 Ronnie Robinson et Bob Lowey. Les trois tr\u00e9sors \u00e9cossais!<\/p>\n\n\n\n<p style=\"font-size:17px\">La pratique initiatique du Qigong de l&#8217;Oie Sauvage avec Ronnie m&#8217;a donn\u00e9 le go\u00fbt d&#8217;explorer cet art, notamment avec les 18 mouvements du Taiji Qigong. Je venais de mettre un pied sur un chemin parall\u00e8le.<\/p>\n\n\n\n<p style=\"font-size:17px\">Impossible ensuite d&#8217;\u00e9chapper \u00e0 l&#8217;attraction terrestre de Bob l&#8217;enchanteur, autour duquel tournent des myriades d&#8217;\u00e9toiles et des pho\u00e9nix jouant du luth \u00e0 six cordes. Est-ce grave docteur?<\/p>\n\n\n\n<p style=\"font-size:17px\">Je suis confort\u00e9e par l&#8217;int\u00e9r\u00eat que porte au Qigong Torben Rif, prince danois du Tai Chi Wudang, lui aussi contamin\u00e9..<\/p>\n\n\n\n<p class=\"has-text-align-right\" style=\"font-size:17px\">Dominique Robin<\/p>\n\n\n\n<figure class=\"wp-block-gallery aligncenter has-nested-images columns-default wp-block-gallery-1 is-layout-flex wp-block-gallery-is-layout-flex\">\n<figure class=\"wp-block-image\"><img loading=\"lazy\" decoding=\"async\" width=\"300\" height=\"230\" data-id=\"782\" src=\"http:\/\/wudangsanbao.com\/wp-content\/uploads\/2019\/11\/boblowey3.jpg\" alt=\"\" class=\"wp-image-782\"\/><\/figure>\n<\/figure>\n\n\n\n<p style=\"font-size:17px\"><strong>Bob Lowey<\/strong><\/p>\n\n\n\n<p style=\"font-size:17px\">Instructeur principal et fondateur de 7 Stars School of Taijiquan en Ecosse<br>Disciple 15e g\u00e9n\u00e9ration de Ma\u00eetre You Xuande, Wudang Taoist Association en Chine<\/p>\n\n\n\n<p style=\"font-size:17px\">Disciple du professeur Zhang Guande \u00e0 P\u00e9kin<br>Fondateur et directeur de Qigong Teachers Association (Royaume Uni, Europe)<\/p>\n\n\n\n<p style=\"font-size:17px\">Vice-pr\u00e9sident de l&#8217;association Daoyin Yangsheng Gong en Ecosse<\/p>\n\n\n\n<p style=\"font-size:17px\">Co-fondateur et co-organisateur des rencontres Tai Chi Caledonia en Ecosse<\/p>\n\n\n\n<p style=\"font-size:17px\">Enseignant r\u00e9gulier aux Rencontres de Jasni\u00e8res en France en Qigong<\/p>\n\n\n\n<p><\/p>\n\n\n\n<figure class=\"wp-block-gallery aligncenter has-nested-images columns-default wp-block-gallery-2 is-layout-flex wp-block-gallery-is-layout-flex\">\n<figure class=\"wp-block-image\"><img loading=\"lazy\" decoding=\"async\" width=\"300\" height=\"224\" data-id=\"783\" src=\"http:\/\/wudangsanbao.com\/wp-content\/uploads\/2019\/11\/ronnie.jpg\" alt=\"\" class=\"wp-image-783\"\/><\/figure>\n<\/figure>\n\n\n\n<p style=\"font-size:17px\"><strong>Ronnie Robinson<\/strong><\/p>\n\n\n\n<p style=\"font-size:17px\">Instructeur principal et fondateur de Chiron Tai Chi &amp; Qigong en Ecosse form\u00e9 au Qigong par Michael Ts\u00e9<\/p>\n\n\n\n<p style=\"font-size:17px\">Membre du Tai Chi Union for Great Britain<\/p>\n\n\n\n<p style=\"font-size:17px\">Editeur des magazines Alternative Health (Ecosse) et Tai Chi Chuan &amp; Oriental Arts (GB)<\/p>\n\n\n\n<p style=\"font-size:17px\">Co-fondateur et co-organisateurr des rencontres Tai Chi Caledonia en Ecosse<\/p>\n\n\n\n<p style=\"font-size:17px\">Secr\u00e9taire de Taijiquan &amp; Qigong Federation for Europe<\/p>\n\n\n\n<p style=\"font-size:17px\">Enseignant r\u00e9gulier aux Rencontres de Jasni\u00e8res en France en Qigong et Tuishou<\/p>\n\n\n\n<p><\/p>\n\n\n\n<figure class=\"wp-block-gallery aligncenter has-nested-images columns-default wp-block-gallery-3 is-layout-flex wp-block-gallery-is-layout-flex\">\n<figure class=\"wp-block-image\"><img loading=\"lazy\" decoding=\"async\" width=\"300\" height=\"194\" data-id=\"784\" src=\"http:\/\/wudangsanbao.com\/wp-content\/uploads\/2019\/11\/torbenqigong.jpg\" alt=\"\" class=\"wp-image-784\"\/><\/figure>\n<\/figure>\n\n\n\n<p style=\"font-size:17px\"><strong>Torben Rif<\/strong><\/p>\n\n\n\n<p style=\"font-size:17px\">Instructeur principal et fondateur de Practical Tai Chi Chuan Denmark<\/p>\n\n\n\n<p style=\"font-size:17px\">Pr\u00e9sident de la F\u00e9d\u00e9ration Danoise de Tai Chi Chuan et Qigong<\/p>\n\n\n\n<p style=\"font-size:17px\">Form\u00e9 au Qigong par ma\u00eetre Au Pui Wah \u00e0 Hong Kong<\/p>\n\n\n\n<p style=\"font-size:17px\">Plusieurs fois invit\u00e9 aux Rencontres de Jasni\u00e8res en France en Tai Chi Chuan (lance, \u00e9ventail)<\/p>\n","protected":false},"excerpt":{"rendered":"<p>Les voies emprunt\u00e9es dans ma pratique du Qigong suivent naturellement celles de mes rencontres \u00e0 la crois\u00e9e des chemins. Dois-je dire que mon corps, d&#8217;abord sculpt\u00e9 par la danse puis forg\u00e9 par l&#8217;escrime, avait ainsi exp\u00e9riment\u00e9 des modes d&#8217;expression \u00e0 des ann\u00e9es-lumi\u00e8re de la lenteur? L&#8217;arriv\u00e9e du Tai Chi Chuan dans mes pratiques corporelles \u00e9tait <a class=\"read-more\" href=\"https:\/\/wudangsanbao.com\/index.php\/qi-gong-les-voies-empruntees\/\">Read More<\/a><\/p>\n","protected":false},"author":2,"featured_media":0,"parent":0,"menu_order":0,"comment_status":"closed","ping_status":"closed","template":"","meta":{"footnotes":""},"class_list":["post-70","page","type-page","status-publish","hentry"],"_links":{"self":[{"href":"https:\/\/wudangsanbao.com\/index.php\/wp-json\/wp\/v2\/pages\/70","targetHints":{"allow":["GET"]}}],"collection":[{"href":"https:\/\/wudangsanbao.com\/index.php\/wp-json\/wp\/v2\/pages"}],"about":[{"href":"https:\/\/wudangsanbao.com\/index.php\/wp-json\/wp\/v2\/types\/page"}],"author":[{"embeddable":true,"href":"https:\/\/wudangsanbao.com\/index.php\/wp-json\/wp\/v2\/users\/2"}],"replies":[{"embeddable":true,"href":"https:\/\/wudangsanbao.com\/index.php\/wp-json\/wp\/v2\/comments?post=70"}],"version-history":[{"count":11,"href":"https:\/\/wudangsanbao.com\/index.php\/wp-json\/wp\/v2\/pages\/70\/revisions"}],"predecessor-version":[{"id":1604,"href":"https:\/\/wudangsanbao.com\/index.php\/wp-json\/wp\/v2\/pages\/70\/revisions\/1604"}],"wp:attachment":[{"href":"https:\/\/wudangsanbao.com\/index.php\/wp-json\/wp\/v2\/media?parent=70"}],"curies":[{"name":"wp","href":"https:\/\/api.w.org\/{rel}","templated":true}]}}